
What is the remainder when 16502 is divided by 2662?
530
What is the remainder when 4238 is divided by 779?
343
What is the remainder when 1680 is divided by 320?
80
Calculate the remainder when 33543 is divided by 285.
198
What is the remainder when 12772 is divided by 74?
44
What is the remainder when 17661 is divided by 138?
135
Calculate the remainder when 16530 is divided by 4107.
102
What is the remainder when 9425 is divided by 2327?
117
What is the remainder when 184634 is divided by 99?
98
What is the remainder when 23818 is divided by 1709?
1601
What is the remainder when 41869 is divided by 180?
109
What is the remainder when 25053 is divided by 302?
289
Calculate the remainder when 109330 is divided by 535.
190
Calculate the remainder when 4666 is divided by 1547.
25
What is the remainder when 19707 is divided by 548?
527
Calculate the remainder when 81757 is divided by 56.
53
Calculate the remainder when 948 is divided by 358.
232
Calculate the remainder when 3665 is divided by 712.
105
What is the remainder when 4318 is divided by 90?
88
What is the remainder when 13867 is divided by 1155?
7
What is the remainder when 1509 is divided by 33?
24
Calculate the remainder when 1117 is divided by 37.
7
Calculate the remainder when 573 is divided by 553.
20
Calculate the remainder when 72126 is divided by 56.
54
What is the remainder when 4378 is divided by 18?
4
What is the remainder when 40555 is divided by 11?
9
Calculate the remainder when 55570 is divided by 2646.
4
Calculate the remainder when 45117 is divided by 5.
2
What is the remainder when 2540 is divided by 159?
155
Calculate the remainder when 15639 is divided by 834.
627
Calculate the remainder when 1192 is divided by 829.
363
Calculate the remainder when 1812 is divided by 28.
20
Calculate the remainder when 5451 is divided by 9.
6
Calculate the remainder when 4197 is divided by 387.
327
What is the remainder when 55356 is divided by 17?
4
Calculate the remainder when 84042 is divided by 5597.
87
Calculate the remainder when 5366 is divided by 3.
2
Calculate the remainder when 15263 is divided by 5067.
62
What is the remainder when 329934 is divided by 54988?
6
What is the remainder when 4900 is divided by 350?
0
What is the remainder when 390155 is divided by 373?
370
Calculate the remainder when 81940 is divided by 20483.
8
What is the remainder when 18714 is divided by 9350?
14
Calculate the remainder when 3775 is divided by 1861.
53
Calculate the remainder when 12260 is divided by 183.
182
What is the remainder when 396891 is divided by 1378?
27
What is the remainder when 1023 is divided by 194?
53
What is the remainder when 887597 is divided by 25?
22
What is the remainder when 1361 is divided by 817?
544
Calculate the remainder when 46433 is divided by 195.
23
Calculate the remainder when 5401 is divided by 250.
151
Calculate the remainder when 36709 is divided by 422.
417
What is the remainder when 3692 is divided by 68?
20
What is the remainder when 19642 is divided by 401?
394
Calculate the remainder when 3541 is divided by 114.
7
Calculate the remainder when 464129 is divided by 19.
16
What is the remainder when 60880 is divided by 100?
80
Calculate the remainder when 25677 is divided by 535.
532
What is the remainder when 18722 is divided by 5986?
764
What is the remainder when 2486 is divided by 190?
16
What is the remainder when 241266 is divided by 26?
12
What is the remainder when 173980 is divided by 34795?
5
What is the remainder when 324245 is divided by 165?
20
What is the remainder when 96146 is divided by 559?
557
What is the remainder when 1172 is divided by 23?
22
What is the remainder when 291827 is divided by 59?
13
What is the remainder when 63449 is divided by 75?
74
Calculate the remainder when 71709 is divided by 71520.
189
Calculate the remainder when 9574 is divided by 435.
4
Calculate the remainder when 3895 is divided by 1936.
23
Calculate the remainder when 129562 is divided by 43.
3
What is the remainder when 27556 is divided by 1963?
74
What is the remainder when 29717 is divided by 29692?
25
Calculate the remainder when 10716 is divided by 1483.
335
What is the remainder when 122441 is divided by 14?
11
Calculate the remainder when 41079 is divided by 165.
159
Calculate the remainder when 51363 is divided by 43.
21
Calculate the remainder when 7823 is divided by 125.
73
Calculate the remainder when 41322 is divided by 15.
12
What is the remainder when 8072 is divided by 110?
42
Calculate the remainder when 95290 is divided by 31756.
22
Calculate the remainder when 377040 is divided by 132.
48
Calculate the remainder when 1994 is divided by 108.
50
What is the remainder when 8991 is divided by 1595?
1016
What is the remainder when 682040 is divided by 13919?
9
Calculate the remainder when 687941 is divided by 23.
11
Calculate the remainder when 2178 is divided by 169.
150
What is the remainder when 177 is divided by 66?
45
Calculate the remainder when 2739461 is divided by 106.
103
What is the remainder when 11068 is divided by 2685?
328
Calculate the remainder when 2030 is divided by 47.
9
Calculate the remainder when 31362 is divided by 296.
282
Calculate the remainder when 329399 is divided by 30.
29
What is the remainder when 930 is divided by 47?
37
What is the remainder when 130665 is divided by 130652?
13
What is the remainder when 146444 is divided by 46?
26
What is the remainder when 29270 is divided by 418?
10
What is the remainder when 1287 is divided by 1274?
13
What is the remainder when 15447 is divided by 2553?
129
Calculate the remainder when 6569 is divided by 8.
1
What is the remainder when 29091 is divided by 189?
174
Calculate the remainder when 4956 is divided by 1207.
128
Calculate the remainder when 541 is divided by 161.
58
What is the remainder when 1334 is divided by 97?
73
Calculate the remainder when 1678 is divided by 202.
62
Calculate the remainder when 45312 is divided by 308.
36
Calculate the remainder when 22678 is divided by 140.
138
Calculate the remainder when 2882575 is divided by 30.
25
What is the remainder when 19869 is divided by 57?
33
Calculate the remainder when 197888 is divided by 70.
68
What is the remainder when 6635 is divided by 442?
5
What is the remainder when 72442 is divided by 225?
217
What is the remainder when 39535 is divided by 309?
292
What is the remainder when 5401 is divided by 14?
11
What is the remainder when 1476 is divided by 219?
162
Calculate the remainder when 3166 is divided by 351.
7
Calculate the remainder when 1366 is divided by 191.
29
What is the remainder when 45250 is divided by 422?
96
Calculate the remainder when 8799 is divided by 53.
1
What is the remainder when 567 is divided by 112?
7
What is the remainder when 547368 is divided by 569?
559
Calculate the remainder when 152539 is divided by 145.
144
What is the remainder when 170798 is divided by 345?
23
What is the remainder when 8369 is divided by 49?
39
What is the remainder when 26846 is divided by 252?
134
What is the remainder when 2547 is divided by 634?
11
What is the remainder when 597 is divided by 112?
37
Calculate the remainder when 6516 is divided by 5.
1
What is the remainder when 4391 is divided by 24?
23
What is the remainder when 95159 is divided by 47564?
31
Calculate the remainder when 2066 is divided by 423.
374
Calculate the remainder when 22798 is divided by 176.
94
What is the remainder when 5613 is divided by 194?
181
What is the remainder when 3754 is divided by 744?
34
What is the remainder when 92649 is divided by 4632?
9
What is the remainder when 3889 is divided by 149?
15
Calculate the remainder when 2665 is divided by 593.
293
What is the remainder when 66363 is divided by 394?
171
What is the remainder when 84714 is divided by 1841?
28
What is the remainder when 133189 is divided by 701?
700
What is the remainder when 62730 is divided by 8953?
59
Calculate the remainder when 3361 is divided by 208.
33
Calculate the remainder when 261038 is divided by 417.
413
Calculate the remainder when 350399 is divided by 16.
15
What is the remainder when 182863 is divided by 16?
15
What is the remainder when 947485 is divided by 232?
229
What is the remainder when 6146 is divided 